False
Let k be 10/8 - (-4)/(-16). Let i = k + 3. Is (-39)/(((-6)/i)/1) composite?
True
Let a be 2/((-2)/(-5))*1. Suppose -2*d = -a - 113. Let l = 85 - d. Is l a composite number?
True
Suppose -1048 = -4*x - 5*k, 0 = -3*x + 4*k - 0*k + 786. Let q = x - 71. Is q composite?
False
Is 2 - ((-6)/(-2) - 444) a composite number?
False
Suppose 0 = -3*z + z + 6. Is z/(-2 - 22/(-10)) composite?
True
Let w(h) = 3*h**2 + h**3 - 9*h**2 + 3*h**2 + h**2 + 5*h - 3. Is w(3) a prime number?
False
Suppose 580 - 94 = 3*f. Suppose -2*r - 3*b = b - f, 2*r - 167 = b. Is r a prime number?
True
Suppose -3*c = -7*c + 28. Let g(m) = -5*m - 8 + 3*m**2 + 0 - 3*m. Is g(c) composite?
False
Let l = -270 + 455. Is l prime?
False
Let y = -62 - -127. Suppose -f - y = -5*v + 132, -113 = -3*v - 2*f. Is v a prime number?
False
Is (892/(-6))/((-17)/3 - -5) prime?
True
Suppose 4*w + 29 = -4*r + 105, 0 = -5*w - 10. Is r prime?
False
Let i(z) = z**3 + z**2 - z + 97. Let y = 12 + -12. Is i(y) composite?
False
Suppose 0 = -2*q + 4*q - 4430. Is q composite?
True
Suppose -5*h - 3*s = -1078, 4*h + 4*s - 829 = 27. Let j be -2*h + -1 + 1. Is 1/2 - j/8 a prime number?
False
Suppose 8 = 2*l, -2*l = -3*d - 0*l + 859. Suppose f - d = -4*k + 2*f, -3*k + 208 = f. Is k a composite number?
False
Let g = 23 - 20. Is g prime?
True
Is 3/9*771 + 2 a prime number?
False
Suppose 3 = -2*v + 5*v + 3*d, -4*v = -4*d - 36. Let w(g) = 16*g - 1. Is w(v) prime?
True
Let w = 113 - 58. Is w a prime number?
False
Let h be (-10)/(-14) + (-4)/(-14). Let b(c) = c**2 + 6*c + 8. Let u be b(-5). Suppose -4*q + h = 5*w - 622, -u*w + 3*q + 363 = 0. Is w a prime number?
False
Suppose -15 = -6*s + s. Suppose i = -x + 11, -5*i + 2*x = s*x - 67. Is i prime?
False
Suppose -2*w = 3*w. Let h be w/2 + (-1 - -1). Suppose h*k + 117 = 3*k. Is k prime?
False
Let z be 3/3*(-48)/2. Let g be 2/((-2)/3) - z. Is 1653/21 + 6/g a composite number?
False
Let z = -13 + 216. Is z a prime number?
False
Let m(h) = h**3 + 12*h**2 + 8*h + 6. Let u be m(-11). Suppose 334 = a + u. Is a a prime number?
False
Let i = -167 + 96. Let q = 234 + i. Is q prime?
True
Let a(b) = -b**2 + b. Let u be a(0). Let w(l) = l**3 + l**2 - l + 127. Is w(u) composite?
False
Suppose -3*u = -k - 2121, -5*u + u = 5*k - 2828. Is u a composite number?
True
Let x = 4 + 0. Suppose 5*s - x = 3*s. Suppose -2*r - b + 26 = 0, 2*r - 36 = b - s. Is r a composite number?
True
Suppose -9*l + 4*l = 10. Is (-3 + -1)/l - -29 a composite number?
False
Let z(u) = 18012*u. Let c(b) = -163*b. Let n(x) = -553*c(x) - 5*z(x). Let d be n(5). Suppose -d = -7*a + 2*a. Is a a prime number?
True
Let d be ((-6)/5)/3*-15. Let x be d - -1*(-2)/2. Suppose -4*t - 95 = -x*w, w = 2*t + 22 - 3. Is w composite?
False
Suppose -j + 3*t = -11, -3*j + 9 = -0*t - t. Suppose d = -j*d + 6. Suppose -d*l + 323 = 4*q + 3*l, -3*l = 3*q - 240. Is q a prime number?
False
Suppose 13412 = -0*n + 4*n. Is n a prime number?
False
Let d(c) = c**3 - 11*c**2 + 7*c + 12. Suppose 4*z - 3*b = 38, 4*z + 3*b = 7*b + 36. Is d(z) a composite number?
False
Let h = -63 + 550. Is h prime?
True
Suppose 0 = 4*i + 37 + 15. Let g = i - -7. Let n(f) = f**3 + 6*f**2 - 3*f - 3. Is n(g) composite?
True
Let d be 4/18 - 11/9. Let x be 24/(-9) + d/3. Is (19/(-2))/(x/6) composite?
False
Suppose -2 - 10 = -3*a. Let f(s) = -s**3 + 4*s**2 + 3. Let v be f(4). Suppose 5*h - a*x - 54 = 0, 5*x = -v*h + x + 58. Is h composite?
True
Let k(s) = s**2 - 10*s - 7. Let h be k(-7). Suppose -1331 - h = -3*z. Is z composite?
True
Suppose 0 = w - 2*w + 259. Suppose 81 = h + 2*d, -3*h - d = d - w. Is h composite?
False
Let h(c) = c**2 + 4*c. Let u be h(-5). Suppose 3*q = -2*q + 10, u*q = 4*f - 466. Is f prime?
False
Suppose -21 = -5*g + 4*g. Is g prime?
False
Suppose 0 = 2*d + 4*w + 18, -2*d - 3*w + 0*w - 13 = 0. Is d/(-3) + 548/6 composite?
True
Let k(i) = -8*i - 7. Suppose -d = 3*x - 7, -5*x = 5*d - 2*x - 11. Let z(h) = h. Let w(o) = d*z(o) - k(o). Is w(8) prime?
True
Suppose -5*l + 94 = -51. Suppose -l = -i + 14. Is i a composite number?
False
Let m = -4 + 9. Suppose 0 = -4*b + 4 + 4. Suppose m*h - 10 = 0, b*s + 4*h = s + 11. Is s a composite number?
False
Let n(r) = -4*r**3 - 2*r**2 - 4*r - 1. Is n(-4) prime?
True
Suppose -2*l + 5*l = 921. Is l composite?
False
Suppose 4*i - 2 = 238. Suppose 0 = -4*y - 3*a + 155, -3*y + i = -y - 2*a. Is y prime?
False
Suppose w - 6 - 11 = -4*c, 4 = -4*w + 2*c. Let y = w + 16. Suppose -y = -3*v + 4*i + 17, -3*v + 38 = -2*i. Is v prime?
False
Let q = 109 - -798. Is q a prime number?
True
Suppose 10*y = -k + 5*y - 90, -5*y + 360 = -5*k. Let t = k - -142. Is t composite?
False
Let f be (-4)/(-14) - 96/42. Let d = 23 - f. Is d prime?
False
Suppose -2*o + 5*y + 27 = -21, 26 = 3*o + 4*y. Let t be o/10 + (-6)/15. Let v(x) = 56*x**3 - x. Is v(t) composite?
True
Suppose -2*q = 2*q - 276. Suppose q = 5*b - 71. Suppose 5*a - 98 = -b. Is a prime?
False
Suppose 26 = -0*t - 2*t. Let r(u) = -7*u**2 - 5*u + 7. Let i(w) = 15*w**2 + 9*w - 14. Let c(b) = -6*i(b) - 13*r(b). Is c(t) prime?
True
Let p = -8 + -33. Let o = p + 62. Is o prime?
False
Let w = 3423 + -1370. Is w a composite number?
False
Let j(i) = -i**2 - 32. Let s be j(0). Let x = s + 85. Is x composite?
False
Is 4 - 2 - (-3 + 2) a prime number?
True
Suppose -2*s + d = -0*d - 6143, 2*s = -2*d + 6152. Is s a prime number?
False
Let k = 544 - 39. Is k a composite number?
True
Suppose 313 + 647 = -5*i. Let m be 3/(-1 + -2) - 106. Let q = m - i. Is q prime?
False
Let f = 61 - 139. Let d = -113 - f. Is (-3 + 5)/((-2)/d) a prime number?
False
Let o(i) = 5*i**2 - 10*i + 7. Is o(6) a composite number?
False
Let h(d) = 3 - 1 + 2*d + 3. Is h(8) a prime number?
False
Let k be (-38)/4 - (-12)/(-8). Let v(j) = -j**2 - 12*j + 15. Is v(k) composite?
True
Let h = 859 - 557. Is h a prime number?
False
Let o = 287 - 168. Is o composite?
True
Suppose 0 = -3*p + 289 + 494. Let a = 656 - p. Is a a composite number?
True
Let y = -1 - 0. Let x be (697 + y)/(-3) + -1. Let n = -154 - x. Is n a composite number?
False
Let z = 398 + -61. Is z a composite number?
False
Let c be (3 - 2)/(-1)*0. Suppose -2*f - s + c = -9, 7 = -4*f + 3*s. Is f a composite number?
False
Suppose 5*u = -4*r + 14 - 1, -2*r - u = -5. Suppose 2*v + q - 76 = r*q, 3*v - q - 114 = 0. Is v a prime number?
False
Let o(y) = 6*y**2 - 2*y + 1. Let j be o(1). Let d(l) be the first derivative of 15*l**2/2 + 4*l - 2. Is d(j) prime?
True
Suppose 5*i - 755 = -0*i + 5*y, -3*i + 481 = 4*y. Is i a prime number?
False
Let k = 1419 - 2201. Let i be k/(-12) + (-3)/18. Suppose i = d + 2*o, 5*d - 2*d = -4*o + 185. Is d a composite number?
True
Suppose 4*c = 3*c. Suppose c*f - 291 = -3*f. Is f prime?
True
Is ((-9)/(-2) + 1)*74 a prime number?
False
Suppose t + 3*t - 3*a = -4, -5*a + 30 = 5*t. Suppose t*r = 234 + 136. Is r prime?
False
Suppose 0 = h + 4*h. Suppose h*l + l - 26 = 0. Suppose -2*d + l = -20. Is d prime?
True
Let d = -35 - -20. Is (-3374)/(-10) - (-6)/d a prime number?
True
Suppose 0 = -3*j + 6, -j + 7 = 2*i + 15. Let g(r) = -13*r - 4. Let v(f) = -38*f - 12. Let s(m) = -17*g(m) + 6*v(m). Is s(i) a composite number?
False
Let b(y) = y - 8. Let f = -11 - -23. Let o be b(f). Is (0 + 30)*2/o a composite number?
True
Let x(c) = c**3 + 7*c**2 - 8. Let d be x(-7). Let a(t) = 7*t - 15. Let y(k) = 14*k - 31. Let p(q) = -13*a(q) + 6*y(q). Is p(d) prime?
False
Is (1 - 360)/(324/(-45) - -7) composite?
True
Let q(g) = g**3 - 7*g**2 - g - 7. Let z = 19 + -37. Let m = z + 26. Is q(m) a composite number?
True
Let b = 2 - -1. Let r(f) = 14*f**2 + 2*f + 1. Is r(b) prime?
False
Is 6 - 2 - (-1356 + 5) prime?
False
Let n = 11 - 18. Let z = 22 + -42. Let t = n - z. Is t composite?
False
Suppose -6*a + 4*r = -2*a, 0 = -3*a + r. Suppose -5*u + 4*v - 2*v + 755 = 0, 5*v + 25 = a. Is u composite?
False
Let g be (2 - 2)/3 + 4. Suppose 8 = g*a - 20. Is a a prime number?
True
Suppose 2*t + 505 = -5*l + 1504, -t + 492 = l. Is t prime?
True
Suppose 0 = -0*x - 3*x + 6. Suppose 0*l - 2*l = -x*w + 12, 2*w = -2*l. Suppose -4*s + 186 = 2*f - 202, w*s - 4*f - 291 = 0. Is s a composite number?
False
Let r be ((-1 - 0) + 3)*1. Suppose 3*n - 124 = -2*v - 2*v, r*n - 31 = -v. Is v a composite number?
False
Let m(q) = -61*q**3 - q. Let b be m(-1). Suppose -3*f - 5*v = -0*v - 110, 50 = f - 5*v. L